t i(d) = 9*d**3 - 5*d**2 + 4*d. Let m be 2/(-18) - 112/(-36). Let x be i(m). Suppose -4*o = u - 10 - 43, 0 = -3*u + 5*o + x. What is the tens digit of u?
6
Let q = -28 + 34. Let x(h) = q + 17*h + 5 - 6. What is the units digit of x(2)?
9
Let f be (-19)/(-4) + 8/32. Let y(g) = -g**3 + g**2 + 3*g + 2. Let a be y(f). Let v = 59 - a. What is the units digit of v?
2
Suppose 15*b = 7*b + 8424. Let d = b - 153. Suppose d = 3*m + 3*m. What is the tens digit of m?
5
Suppose -2*w - 4 = 2*d - 7*w, 0 = -5*d - 5*w + 25. Suppose -4*k - c + 5256 - 528 = 0, 0 = d*k - c - 3553. What is the tens digit of k?
8
Let j = 2618 - -977. What is the tens digit of j?
9
Suppose -5*c + 2*q + 57124 = 0, -q + 25535 = 3*c - 8746. What is the tens digit of c?
2
Let c(i) = i**3 - 9*i**2 + 10*i + 16. Let r be c(8). Suppose r = 5*s - 9*s. Let x(p) = -p**3 - 8*p**2 - 4*p + 5. What is the tens digit of x(s)?
3
Let j be -9 - -3*(6 - -3). Let c = -6 - -8. What is the units digit of (3/c)/(j/84)?
7
Let p = 922 + 1251. What is the thousands digit of p?
2
Suppose -2*d = -3*l - 12, 5*d - 4*l - 6 = 17. Suppose -d*a + 390 = 114. What is the units digit of a?
2
Let r(z) = -z**2 - 2*z + 14. Let s be r(4). Let t(w) = -w**3 - 5*w**2 + 8*w + 3. What is the tens digit of t(s)?
2
Let c(k) = 5*k**2 - 6*k + 67. Let z(n) = -11*n**2 + 11*n - 136. Let v(m) = 9*c(m) + 4*z(m). What is the units digit of v(20)?
9
Let o = -5067 - -8602. What is the units digit of o?
5
Let g(a) = -2001*a - 232. What is the units digit of g(-2)?
0
Suppose 307*a = 304*a + 149430. What is the tens digit of a?
1
Suppose 5*p = -4*f + 32739, 4*f + 11*p - 10*p = 32743. What is the tens digit of f?
8
Let i(f) = -1. Let p(z) = -4*z + 11. Let x(h) = -6*i(h) - p(h). Let m be x(2). Let w(l) = l**3 - 2*l - 2. What is the units digit of w(m)?
9
Let m = 23 - 22. Let a be (m - -2)*(-14)/(-21). Suppose -54 = -4*o - a*o. What is the units digit of o?
9
Suppose -4*a = 227 - 1259. Let o(i) = 155*i - 25. Let t be o(3). Let y = t - a. What is the hundreds digit of y?
1
Let d(i) = 1753*i - 12. Let w be d(8). Suppose 15*s - w = 1723. What is the tens digit of s?
4
Suppose -11475 = 13*x - 356612. What is the tens digit of x?
4
Suppose -4*s + 34623 + 65977 = 0. What is the units digit of s?
0
Suppose -3*i = -2*r + 3487, i + 356 = 2*r - 3121. Suppose 8*k = 4*k + r. What is the tens digit of k?
3
Let v be (-63944)/(-28) + (-5)/((-210)/12). Suppose -4*w = -9600 + v. What is the tens digit of w?
2
Let m = -13215 + 15744. What is the units digit of m?
9
Let h(o) = 236*o - 3. Let r be 2/(-14)*-2*119/34. What is the tens digit of h(r)?
3
Let c(r) = 244*r - 2220. What is the tens digit of c(93)?
7
Let z = -1257 + 1513. What is the units digit of z?
6
Suppose 0 = -2*u - 4*b - 0*b + 8, 5*u + 4*b - 8 = 0. Suppose t = a + 4*a - 1902, u = a - t - 378. What is the hundreds digit of a?
3
Let p be 144/(-21) - 5/35. Let z be (-12)/28 - 31/p. What is the tens digit of z/5 - 1 - 840/(-75)?
1
Let k(s) = 4*s**2 + 10*s + 21. Let p(n) = n**3 - 10*n**2 + 11*n + 12. Let v be p(9). Suppose -25*i - v = -20*i. What is the hundreds digit of k(i)?
1
Let p = -29391 - -52297. What is the ten thousands digit of p?
2
Suppose -a = -6*a + 25. Suppose -5*b - 230 = -3*k - 65, -b - 55 = -a*k. Let q = 86 + b. What is the units digit of q?
6
Let a(c) = 17*c + 5. Let k(t) = 12*t**3 - 3*t**2 + t. Let j be k(1). Suppose n + 4*f = 23, 2*n - j = -f + 2*f. What is the hundreds digit of a(n)?
1
Let a(o) = 31*o**2 - 306*o**3 + 85*o + 30 + 305*o**3 - 20*o. What is the tens digit of a(32)?
8
Let s(u) = -3*u - 44. Let y be s(-16). Suppose -4*f + 9 = -y*d - 31, -2*d - f - 35 = 0. What is the tens digit of d/(-6)*634/5?
1
Suppose 2*x - 7*x - 30 = 0. Let v be (-6)/18 - (-574)/x. Let z = v + 192. What is the tens digit of z?
9
Let l(b) = -10*b - 214. Let h be l(-22). Suppose 0 = -h*n + 970 + 314. What is the units digit of n?
4
Suppose -239456 = -71*o + 15*o. What is the tens digit of o?
7
Suppose -3*f = 3*a - 6789, -4*a = -24*f + 19*f + 11306. Suppose 27*z - f = 8943. What is the units digit of z?
5
Let n be 5 + (-2 - (-1 + -8)). Suppose 8*y + 4 + n = 0. What is the hundreds digit of 3 - 1310/(-8) - y/8?
1
Let q(r) = -r**3 + 17*r**2 - 10*r + 40. Suppose -44 = -4*g - 4*f, -2*g = -2*f + f - 28. What is the units digit of q(g)?
6
Suppose -15 = 3*p, 1469 - 76 = 4*q - p. Let x = q - -769. What is the hundreds digit of x?
1
Let z = 345 + -94. Let a = 388 - z. What is the hundreds digit of a?
1
Suppose 0 = -3*s + 4*k + 35248 + 37099, 5*s - 5*k - 120575 = 0. What is the units digit of s?
3
Suppose f + 4*b + 44 = -3*f, 2*f + 13 = -5*b. What is the units digit of (26/(-91) - 25/f)*2?
3
Suppose -9*u - 20723 = 14*u. Let g = -767 - u. What is the units digit of g?
4
Let x be (-1 - 9/(-5))*(-168 - -3). Let m = 415 + x. What is the units digit of m?
3
Suppose 0 = -3*x + 3*n + 12, 6*n + 8 = 2*x + n. Suppose -u + 63 = 2*o - 91, 0 = 3*u + x*o - 454. What is the units digit of u?
6
What is the hundreds digit of (-175 + -10)/(-1*(-6)/(-222))?
8
Let r(d) = 25*d**2 - 198 + 5*d**2 + 199 - 3*d. What is the tens digit of r(1)?
2
Suppose 4*t - i = 51590, -544*t - 64480 = -549*t + 5*i. What is the hundreds digit of t?
8
Suppose 4*l - 303 = -3*p, 0 = 2*p - 1 - 1. What is the tens digit of 545 + ((-4)/(-5))/(15/l)?
4
Let w be (-176)/(-4) - (0 + 9/(-3)). Let o = w + -48. What is the units digit of -11 + 8 + o + (-133)/(-1)?
9
Let s = -23 - -38. Let o be (56/14 - -62)/(4/2). Let b = o + s. What is the tens digit of b?
4
Let m(l) = -7*l + 7 + 2 - 3. Suppose 33*j = 40*j + 210. What is the hundreds digit of m(j)?
2
Let g be -7 + 6 + (-1 - -2). Suppose g = z - n - 5, -4*n - 20 = -z + 5*z. Suppose 4*b - 682 = -2*c - z*c, 0 = 3*c - 3. What is the tens digit of b?
7
Suppose -3*f + 1296 - 252 = 0. Suppose 10*u + 34 = 74. Suppose 0*s = 3*q + 4*s - 264, -u*q = 4*s - f. What is the units digit of q?
4
Suppose 0 = -8*n + 17 - 1. Let s be ((-16)/10)/(n/5). What is the units digit of (-3 - s)/(2/130)?
5
Let o be 254 - 2/(2 - (-12)/(-3)). What is the hundreds digit of (256/(-12) - -2)/((-5)/o)?
9
Let x = 1184 - -917. What is the units digit of (1/(-1))/((-11)/x)?
1
Let s(x) = -67*x**2 + 43*x - 4. Let v(z) = 203*z**2 - 130*z + 11. Let t(o) = -7*s(o) - 2*v(o). What is the units digit of t(4)?
0
Suppose -2497392 = -370*d + 124*d. What is the units digit of d?
2
Suppose z + 195 = 2*v + 4*z, 0 = -4*v + 2*z + 366. Let u be ((-65)/(-4))/((-6)/(-48)*-2). Let l = v + u. What is the units digit of l?
8
Suppose 0*z - 358 = -z + 2*w, 0 = -5*z - 4*w + 1846. Suppose z = a + 5*a. What is the tens digit of a?
6
Suppose -4*p + 50281 = 3*q, 12*q = 5*p + 15*q - 62855. What is the units digit of p?
4
Let k = -11626 - -12560. What is the units digit of k?
4
Let s(g) = -14*g - 15. Let o = -34 - -27. Let d be s(o). What is the tens digit of d - (6 - (-16)/(-4))?
8
Let a(k) = -8*k**3 + k**2 - 4*k + 2. Let y be a(1). Let j(p) = 4*p**2 - 9*p + 8. What is the tens digit of j(y)?
1
Let i = 15 - 12. Suppose -516 = -6*q + i*q. What is the hundreds digit of q?
1
Let a(i) = -2*i + 17. Let u be a(8). Let x be 177*-2*(u - 3/2). Let y = 304 - x. What is the hundreds digit of y?
1
What is the thousands digit of 399978/30 + (-48)/80?
3
Suppose 374*r = 302*r + 397800. What is the hundreds digit of r?
5
Suppose -2*u + 7 - 9 = -2*i, u - 11 = -5*i. Suppose i*f = -2*w + 368, 188 = f + 12*w - 7*w. What is the hundreds digit of f?
1
Let j = -26087 + 60474. What is the tens digit of j?
8
Let f = 55 - 38. Let t = 9 + f. What is the tens digit of (-221)/t*(-15 + 1)?
1
Let v(p) = 299*p**2 - 171*p - 934. What is the thousands digit of v(-7)?
4
Let l(k) = 3*k**3 - 4*k**2 - 2*k + 11. Let p be l(3). Suppose 47*f = p*f - 135. What is the units digit of f?
5
Let b(h) = -2*h**2 + 2*h + 2. Let q be b(3). Suppose -17*g - 120 = 13*g. What is the units digit of g/(-1)*1/((-5)/q)?
8
Let u(k) = k**3 + 8*k**2 + 8*k - 2. Suppose -3*j + 9 = -4*a, 3*a = -2*j - a + 6. Let c be (-10)/15 + (-16)/j. What is the units digit of u(c)?
2
Suppose 0*m = -3*m + 5*k + 25, 3*m + 3*k - 57 = 0. Suppose 20*f - m*f + 190 = 0. What is the units digit of (18 + f)/((-1)/4)?
0
Suppose -4*u = -0*u - 212. Suppose -u = 2*a + 81. What is the tens digit of a*(6 - 2)/(-4)?
6
Let k be (-27)/9 + 5 + 1. Suppose 2*y - k*x = -108, 5*y +